ommon factor of h and x.
1
Let p be (-25)/(-15)*6/5. Suppose 3*b - 7*b = -4. Suppose s - p = b. Calculate the highest common factor of s and 27.
3
Suppose 10 = -5*g - 4*r, -g - 3*r = -4*r - 7. Let s(u) = -34*u**2 - u + 2. Let l be s(1). Let t = l + 41. Calculate the greatest common divisor of t and g.
2
Suppose 265 = -30*a + 1285. Calculate the highest common factor of a and 544.
34
Let l be ((-1651)/(-381))/((-1)/(-270)). Calculate the highest common factor of 60 and l.
30
Let b(x) = x**3 + 12*x**2 - 4*x - 16. Let a be b(-12). Suppose -n = 2*n - 72. What is the highest common factor of a and n?
8
Suppose 13*t + 1071 = 20*t. What is the highest common divisor of t and 85?
17
Let f be (-1)/(4/(-16)) + 136. Let l = f + -77. Let q be 3 + 3 + (35 - -1). Calculate the highest common factor of l and q.
21
Suppose q - 72 = -3*q. Let f be (0 - 2) + 8 + -3. Suppose -2*w - 2 = 0, 274 = -5*s + f*w + 1267. What is the greatest common factor of q and s?
18
Let d(o) be the third derivative of -o**5/60 + 23*o**4/24 + 17*o**3/6 + o**2. Let l be d(14). Calculate the greatest common factor of l and 13.
13
Let k = 139 + -96. Let t = k + -32. What is the greatest common factor of t and 77?
11
Suppose 3120 = -23*p + 62*p. Let m(i) = i**2 + i + 4. Let l be m(0). Suppose 13 = l*w - 27. What is the highest common divisor of w and p?
10
Let l(i) = -i**2 - 14*i + 5. Let d be l(-12). Let j be -2 + (3 - 21) + 3. Let w = d + j. Calculate the greatest common factor of w and 60.
12
Let x be (-4)/6 - 65/(-3). Suppose -370*f + 363*f + 147 = 0. Calculate the greatest common factor of x and f.
21
Suppose -4*h = -d - 3*d + 16, d + h = 0. Suppose -o = d*m - 12, -30 = 4*o + 4*m - 94. Suppose 0*x + o = 5*x. What is the highest common divisor of 4 and x?
4
Let s be 28/56 - (-1758)/4. What is the greatest common divisor of s and 55?
55
Suppose 0 = 4*v + u - 245, -3*u - 2*u + 85 = v. Let g(f) = -f**2 - 6*f - 3. Let y be g(-5). Let b = y + 10. What is the highest common factor of b and v?
12
Suppose 5*f - 4*f = 3*u - 4, 4*f - 3*u - 11 = 0. Let y(b) = 4*b + f*b - 2*b - 6 + b**2. Let m be y(-8). What is the greatest common factor of m and 16?
2
Suppose 2*c + 5*t = c + 4, -2*t - 8 = -2*c. Suppose -6 - 10 = -c*o. Suppose 3*u + 37 = m + 2*u, 175 = 5*m - 3*u. What is the greatest common divisor of m and o?
4
Suppose 0*j - j - 2 = 0, -5*a + 5*j + 35 = 0. Suppose a*l - 67 = -2*n, 4*n + 12 = -4. What is the greatest common factor of 15 and l?
15
Let b = -89 + 49. Let o = 20 + b. Let m be ((-15)/o)/(-3)*-100. Calculate the highest common factor of 5 and m.
5
Let g = -75 + 76. Let r be (78/54*12)/(g/9). What is the highest common divisor of r and 12?
12
Let t(g) = 15 + 24*g**2 + 2*g - 5*g - 16. Let a be t(-1). What is the highest common divisor of 13 and a?
13
Suppose -5*v = -0 + 15. Let z be ((-4)/v)/2*(19 - 4). What is the highest common divisor of z and 30?
10
Let v be 6 - (2 + 7)*(-14)/21. Calculate the greatest common factor of v and 172.
4
Suppose -2*o + 3*o = 2*f - 51, -f = 3*o - 15. Calculate the greatest common factor of 15 and f.
3
Let q(p) = 17*p**2 + 12*p - 15. Let m be q(9). Calculate the greatest common factor of m and 7.
7
Suppose 0 = 28*r - 5422 + 550. What is the greatest common divisor of r and 754?
58
Suppose 78*p = 73*p + 5. Calculate the greatest common factor of p and 1.
1
Suppose 3 = 3*t, 0 = -2*n + 15*t - 16*t + 361. What is the highest common factor of 72 and n?
36
Let b = -1912 + 2112. Calculate the greatest common factor of b and 325.
25
Let m(a) = -40*a - 110. Let v be m(-12). Calculate the greatest common divisor of 80 and v.
10
Let c be (0/1 - -135)*(-1824)/(-684). Calculate the highest common divisor of c and 90.
90
Let l(m) = 12*m + m**2 + 10*m - 19*m**3 - 21*m + 7*m**3. Let r be l(-1). Calculate the highest common factor of 60 and r.
12
Suppose 0 = -9*l + 2290 - 202. Calculate the greatest common divisor of 16 and l.
8
Let t(k) = k**2 - 6*k - 3. Let l be t(-3). Calculate the highest common factor of l and 72.
24
Suppose -14*u = -19*u + 20. Suppose 0 = -u*h + 31 + 17. Suppose -7 = -4*t + 3*k + h, 4*k = -2*t + 4. Calculate the greatest common divisor of 20 and t.
4
Let s(t) = t**2 + 4*t - 14. Let l be s(-8). Let j be ((-594)/(-4))/(39/52). Calculate the greatest common factor of l and j.
18
Suppose 0 = -2*h - h + 18. Suppose -h*l + 126 = l. Calculate the highest common factor of 54 and l.
18
Let h = 496 + -406. What is the highest common divisor of h and 135?
45
Suppose -1 = -3*s - 10, 2*s = -5*d - 81. Let x be (-6 + 8)/((-2)/d). Calculate the greatest common factor of x and 60.
15
Suppose -253 + 73 = -9*m. Calculate the greatest common divisor of m and 700.
20
Let z(q) = q**2 + 11*q + 78. Let y be z(-21). Calculate the highest common factor of 54 and y.
18
Let c = -17 + 34. Let k(v) = v - 2. Let l be k(5). Suppose 5*h + 177 = j, 4*j + l*h + 204 - 958 = 0. What is the greatest common divisor of c and j?
17
Suppose -155*r - 486 = -164*r. Let j(q) = -q - 2. Let x be j(-4). Suppose 3*t - 78 = -5*i, -x*i - t + 31 = -1. What is the greatest common divisor of r and i?
18
Let u(w) = -3*w + 2. Let x be u(-3). Let c = -85 - -86. Let n be 10/(-15)*-132 - (c - 1). Calculate the greatest common divisor of x and n.
11
Suppose -124 = 9*q - 2203. Calculate the greatest common factor of q and 77.
77
Let q = -1 + 3. Suppose q*y = -y + 12. Suppose y*r = -36 + 100. Calculate the highest common factor of r and 2.
2
Let h(m) = 9*m**3 - m**2 + m - 1. Let r be h(1). Let q = -214 - -325. Suppose -71 = 2*x - q. Calculate the greatest common factor of r and x.
4
Let y(x) = 2*x - 7. Let b be y(5). Suppose 135 = 4*o - 3*j, b*o - 4*j - 70 = 33. Let f be ((-22)/(-33))/(2/o). What is the greatest common factor of 55 and f?
11
Suppose -4*c - 8 = -4*a, -2 = -a + 8*c - 3*c. What is the highest common factor of 18 and a?
2
Let r = 1477 + -959. Calculate the highest common factor of 14 and r.
14
Suppose 3*h = 4*d - 401, 12*d - 2*h = 7*d + 496. What is the highest common divisor of d and 147?
49
Let p = 3 + -3. Let y(k) = 140 + 9*k**2 - 9*k**2 - k**2. Let n be y(p). What is the highest common divisor of n and 20?
20
Let f(n) = n**2 + 11*n + 32. Let b be f(-10). Calculate the greatest common factor of 44 and b.
22
Let s be (-37)/148 + 2/(-8)*-445. What is the highest common factor of s and 3?
3
Suppose l = 6 + 4. Let p(g) = -4 - 4 + 8 + 6*g - 6. Let d be p(l). Calculate the greatest common divisor of 6 and d.
6
Let y(s) = -5*s + 5. Let a be y(4). Let t = a - -24. Suppose 0 = 3*x - t - 6, 4*x = -3*k + 254. What is the highest common factor of k and 26?
26
Let x(a) = -25*a - 130. Let t be x(-12). What is the greatest common factor of 90 and t?
10
Let n(z) = -15*z**2 - 10*z + 10. Let o be n(-11). Let k be o/(-20) + 1/4. Let l = -148 - -165. Calculate the highest common divisor of k and l.
17
Let k(f) = f + 5. Suppose 0 = 2*b - 4*b - 4*x - 4, -b - 3*x - 7 = 0. Let z be k(b). Let j be 2/z - (-4356)/78. What is the highest common divisor of 14 and j?
14
Suppose -25 + 1 = -2*f. Calculate the greatest common factor of f and 39.
3
Suppose h - 8 + 4 = 0, -o = 5*h - 2044. What is the greatest common factor of o and 88?
88
Suppose 10*u - 31 - 9 = 0. Calculate the greatest common divisor of u and 64.
4
Let s be 11758/16 - (6 - 686/112). What is the greatest common factor of s and 105?
105
Suppose -14*u + 26 + 2 = 0. Calculate the greatest common factor of u and 92.
2
Suppose b = 4*h + 347, -b + 3*b + 5*h = 746. Calculate the highest common divisor of b and 33.
33
Let k = 32 + 10. Suppose u + k - 8 = 0. Let l = u + 48. What is the greatest common factor of l and 7?
7
Let u(x) = -4*x**2 - 37*x - 34. Let c be u(-7). Calculate the highest common factor of c and 8.
1
Let a(i) = 5*i**3 - i**2 + 3*i. Let h be a(-2). Let o be ((-6)/5)/(20/h). What is the greatest common divisor of 2 and o?
1
Let y = 18 - 18. Suppose 8 = -2*d, y*z = 2*z - 4*d - 328. Calculate the highest common divisor of 12 and z.
12
Let s = 5465 - 5355. Suppose 49 = 4*r + 3*i, -5*r - 12 = -5*i - 47. Calculate the highest common divisor of r and s.
10
Suppose 11*q = 14*q - g - 83, 5*q = 3*g + 137. Calculate the highest common factor of q and 644.
28
Let t = 1544 + -1221. What is the greatest common divisor of 19 and t?
19
Suppose -h + 4*u - 7 = 2*h, -2